{"id":79,"date":"2019-05-04T16:48:31","date_gmt":"2019-05-04T14:48:31","guid":{"rendered":"http:\/\/localhost\/antenasgsm\/website\/tienda\/?page_id=79"},"modified":"2021-05-02T18:07:13","modified_gmt":"2021-05-02T17:07:13","slug":"por-que-una-version-pro-de-antenasgsm","status":"publish","type":"page","link":"https:\/\/legacy.antenasgsm.com\/pro\/","title":{"rendered":"Suscr\u00edbete a la experiencia PRO en AntenasGSM"},"content":{"rendered":"\n<div class=\"wp-block-group alignfull background-suscription has-background\" style=\"background-color:#e7e7e7\"><div class=\"wp-block-group__inner-container is-layout-flow wp-block-group-is-layout-flow\">\n<h1 class=\"has-text-align-center has-huge-font-size wp-block-heading\"><span class=\"has-inline-color has-black-color\">Suscr\u00edbete a la <strong>experiencia<\/strong> <\/span><strong><span class=\"has-inline-color has-vivid-red-color\">PRO<\/span><\/strong><\/h1>\n\n\n\n<p class=\"has-text-align-center\">Con las <strong>suscripciones PRO<\/strong> disfrutar\u00e1s de todas las ventajas de la <strong>API de Google Maps<\/strong> (y mucho m\u00e1s) y<strong> contribuir\u00e1s al sostenimiento<\/strong> de este proyecto \ud83d\ude42<\/p>\n\n\n\n<div class=\"wp-block-columns wp-suscriptions is-layout-flex wp-container-core-columns-layout-1 wp-block-columns-is-layout-flex\">\n<div class=\"wp-block-column is-layout-flow wp-block-column-is-layout-flow\">\n<h3 class=\"has-text-align-center wp-block-heading\"><span class=\"has-inline-color has-cyan-bluish-gray-color\"><strong>Free<\/strong> User<\/span><\/h3>\n\n\n\n<div class=\"wp-block-image\"><figure class=\"aligncenter size-thumbnail\"><img loading=\"lazy\" decoding=\"async\" width=\"150\" height=\"150\" src=\"https:\/\/antenasgsm.com\/pro\/wp-content\/uploads\/2019\/05\/mstile-310x310-150x150.png\" alt=\"\" class=\"wp-image-87\" srcset=\"https:\/\/legacy.antenasgsm.com\/pro\/wp-content\/uploads\/2019\/05\/mstile-310x310-150x150.png 150w, https:\/\/legacy.antenasgsm.com\/pro\/wp-content\/uploads\/2019\/05\/mstile-310x310-300x300.png 300w, https:\/\/legacy.antenasgsm.com\/pro\/wp-content\/uploads\/2019\/05\/mstile-310x310-324x324.png 324w, https:\/\/legacy.antenasgsm.com\/pro\/wp-content\/uploads\/2019\/05\/mstile-310x310-416x416.png 416w, https:\/\/legacy.antenasgsm.com\/pro\/wp-content\/uploads\/2019\/05\/mstile-310x310-100x100.png 100w, https:\/\/legacy.antenasgsm.com\/pro\/wp-content\/uploads\/2019\/05\/mstile-310x310.png 558w\" sizes=\"(max-width: 150px) 100vw, 150px\" \/><\/figure><\/div>\n\n\n\n<ul><li>Mapa b\u00e1sico<\/li><li>Buscador por municipios<\/li><li>Recursos limitados<\/li><li>Publicidad<\/li><li>Sin contribuir al proyecto<\/li><li>Sin soporte en el foro<\/li><li>Para usuarios que curiosean: <\/li><li>0 dispositivos PRO<\/li><\/ul>\n\n\n\n<p class=\"has-text-align-center\"><strong><span class=\"has-inline-color has-black-color\">0,00\u20ac<\/span><\/strong>\/mes<\/p>\n<\/div>\n\n\n\n<div class=\"wp-block-column is-layout-flow wp-block-column-is-layout-flow\">\n<h3 class=\"has-text-align-center wp-block-heading\"><strong>PRO<\/strong> Individual<\/h3>\n\n\n\n<div class=\"wp-block-image\"><figure class=\"aligncenter size-thumbnail\"><img loading=\"lazy\" decoding=\"async\" width=\"150\" height=\"150\" src=\"https:\/\/antenasgsm.com\/pro\/wp-content\/uploads\/2019\/05\/mstile-310x310-150x150.png\" alt=\"\" class=\"wp-image-87\" srcset=\"https:\/\/legacy.antenasgsm.com\/pro\/wp-content\/uploads\/2019\/05\/mstile-310x310-150x150.png 150w, https:\/\/legacy.antenasgsm.com\/pro\/wp-content\/uploads\/2019\/05\/mstile-310x310-300x300.png 300w, https:\/\/legacy.antenasgsm.com\/pro\/wp-content\/uploads\/2019\/05\/mstile-310x310-324x324.png 324w, https:\/\/legacy.antenasgsm.com\/pro\/wp-content\/uploads\/2019\/05\/mstile-310x310-416x416.png 416w, https:\/\/legacy.antenasgsm.com\/pro\/wp-content\/uploads\/2019\/05\/mstile-310x310-100x100.png 100w, https:\/\/legacy.antenasgsm.com\/pro\/wp-content\/uploads\/2019\/05\/mstile-310x310.png 558w\" sizes=\"(max-width: 150px) 100vw, 150px\" \/><\/figure><\/div>\n\n\n\n<ul><li>Mapa Google Maps<\/li><li>Buscador por direcci\u00f3n<\/li><li>StreetView<\/li><li>Sin publicidad<\/li><li>App M\u00f3vil (proximamente)<\/li><li>Soporte PRO en el foro<\/li><li>Para usuarios habituales:<\/li><li><strong>1 dispositivo conectado<\/strong><\/li><\/ul>\n\n\n\n<p class=\"has-text-align-center\">Desde <s>9,90\u20ac<\/s><br><span style=\"color:#00a96b\" class=\"has-inline-color\"><strong>3,90\u20ac<\/strong>\/mes<\/span> <span class=\"has-inline-color has-cyan-bluish-gray-color\">+ IVA<\/span><\/p>\n\n\n\n<div class=\"wp-block-buttons is-content-justification-center is-layout-flex wp-block-buttons-is-layout-flex\">\n<div class=\"wp-block-button is-style-fill\"><a class=\"wp-block-button__link\" href=\"https:\/\/antenasgsm.com\/pro\/cuenta-pro-individual\/\">Ver suscripci\u00f3n<\/a><\/div>\n<\/div>\n<\/div>\n\n\n\n<div class=\"wp-block-column is-layout-flow wp-block-column-is-layout-flow\">\n<h3 class=\"has-text-align-center wp-block-heading\"><span class=\"has-inline-color has-luminous-vivid-orange-color\"><strong>PRO<\/strong> Startup<\/span><\/h3>\n\n\n\n<div class=\"wp-block-image\"><figure class=\"aligncenter size-thumbnail is-resized\"><img loading=\"lazy\" decoding=\"async\" src=\"https:\/\/antenasgsm.com\/pro\/wp-content\/uploads\/2019\/05\/mstile-310x310-150x150.png\" alt=\"\" class=\"wp-image-87\" width=\"150\" height=\"150\" srcset=\"https:\/\/legacy.antenasgsm.com\/pro\/wp-content\/uploads\/2019\/05\/mstile-310x310-150x150.png 150w, https:\/\/legacy.antenasgsm.com\/pro\/wp-content\/uploads\/2019\/05\/mstile-310x310-300x300.png 300w, https:\/\/legacy.antenasgsm.com\/pro\/wp-content\/uploads\/2019\/05\/mstile-310x310-324x324.png 324w, https:\/\/legacy.antenasgsm.com\/pro\/wp-content\/uploads\/2019\/05\/mstile-310x310-416x416.png 416w, https:\/\/legacy.antenasgsm.com\/pro\/wp-content\/uploads\/2019\/05\/mstile-310x310-100x100.png 100w, https:\/\/legacy.antenasgsm.com\/pro\/wp-content\/uploads\/2019\/05\/mstile-310x310.png 558w\" sizes=\"(max-width: 150px) 100vw, 150px\" \/><\/figure><\/div>\n\n\n\n<ul><li>Mapa Google Maps<\/li><li>Buscador por direcci\u00f3n<\/li><li>StreetView<\/li><li>Sin publicidad<\/li><li>App M\u00f3vil (proximamente)<\/li><li>Soporte PRO en el foro<\/li><li>Para startups y PyME:<\/li><li><strong>1 a 5 dispositivos conectados<\/strong><\/li><\/ul>\n\n\n\n<p class=\"has-text-align-center\">Desde <s>59\u20ac<\/s><br><span style=\"color:#00a96b\" class=\"has-inline-color\"><strong>14,90\u20ac<\/strong>\/mes<\/span><span class=\"has-inline-color has-cyan-bluish-gray-color\"> + IVA<\/span><\/p>\n\n\n\n<div class=\"wp-block-buttons is-content-justification-center is-layout-flex wp-block-buttons-is-layout-flex\">\n<div class=\"wp-block-button\"><a class=\"wp-block-button__link\" href=\"https:\/\/antenasgsm.com\/pro\/suscripcion-pro-startup\/\">Ver suscripci\u00f3n<\/a><\/div>\n<\/div>\n<\/div>\n\n\n\n<div class=\"wp-block-column is-layout-flow wp-block-column-is-layout-flow\">\n<h3 class=\"has-text-align-center wp-block-heading\"><span class=\"has-inline-color has-vivid-red-color\"><strong>PRO<\/strong> Empresa<\/span><\/h3>\n\n\n\n<div class=\"wp-block-image\"><figure class=\"aligncenter size-thumbnail\"><img loading=\"lazy\" decoding=\"async\" width=\"150\" height=\"150\" src=\"https:\/\/antenasgsm.com\/pro\/wp-content\/uploads\/2019\/05\/mstile-310x310-150x150.png\" alt=\"\" class=\"wp-image-87\" srcset=\"https:\/\/legacy.antenasgsm.com\/pro\/wp-content\/uploads\/2019\/05\/mstile-310x310-150x150.png 150w, https:\/\/legacy.antenasgsm.com\/pro\/wp-content\/uploads\/2019\/05\/mstile-310x310-300x300.png 300w, https:\/\/legacy.antenasgsm.com\/pro\/wp-content\/uploads\/2019\/05\/mstile-310x310-324x324.png 324w, https:\/\/legacy.antenasgsm.com\/pro\/wp-content\/uploads\/2019\/05\/mstile-310x310-416x416.png 416w, https:\/\/legacy.antenasgsm.com\/pro\/wp-content\/uploads\/2019\/05\/mstile-310x310-100x100.png 100w, https:\/\/legacy.antenasgsm.com\/pro\/wp-content\/uploads\/2019\/05\/mstile-310x310.png 558w\" sizes=\"(max-width: 150px) 100vw, 150px\" \/><\/figure><\/div>\n\n\n\n<ul><li>Mapa Google Maps<\/li><li>Buscador por direcci\u00f3n<\/li><li>StreetView<\/li><li>Sin publicidad<\/li><li>App M\u00f3vil (proximamente)<\/li><li>Soporte PRO en el foro<\/li><li>Grandes empresas:<\/li><li><strong>1 a 15 dispositivos conectados<\/strong><\/li><\/ul>\n\n\n\n<p class=\"has-text-align-center\">Desde <s>99\u20ac <\/s><br><span style=\"color:#00a96b\" class=\"has-inline-color\"><strong>35\u20ac<\/strong>\/mes<\/span><span class=\"has-inline-color has-cyan-bluish-gray-color\"> + IVA<\/span><\/p>\n\n\n\n<div class=\"wp-block-buttons is-content-justification-center is-layout-flex wp-block-buttons-is-layout-flex\">\n<div class=\"wp-block-button\"><a class=\"wp-block-button__link\" href=\"https:\/\/antenasgsm.com\/pro\/suscripcion-pro-empresa\/\">Ver suscripci\u00f3n<\/a><\/div>\n<\/div>\n<\/div>\n<\/div>\n<\/div><\/div>\n\n\n\n<h1 class=\"has-text-align-center has-large-font-size wp-block-heading\"><span class=\"has-inline-color has-black-color\">\u00bfTienes alguna duda?<\/span><\/h1>\n\n\n\n<p class=\"has-text-align-center\">Puedes contactarnos mandando un correo electr\u00f3nico a <a href=\"mailto:info@antenasgsm.com\" target=\"_blank\" rel=\"noreferrer noopener\">info@antenasgsm.com<\/a> o bien <a href=\"javascript:void(Tawk_API.toggle())\">en el chat<\/a> de 9 a 18h de Lunes a Viernes.<\/p>\n","protected":false},"excerpt":{"rendered":"<p>Suscr\u00edbete a la experiencia PRO Con las suscripciones PRO disfrutar\u00e1s de todas las ventajas de la API de Google Maps (y mucho m\u00e1s) y contribuir\u00e1s al sostenimiento de este proyecto \ud83d\ude42 Free User Mapa b\u00e1sico Buscador por municipios Recursos limitados Publicidad Sin contribuir al proyecto Sin soporte en el foro Para usuarios que curiosean: 0 [&hellip;]<\/p>\n","protected":false},"author":1,"featured_media":0,"parent":0,"menu_order":0,"comment_status":"closed","ping_status":"closed","template":"","meta":{"inline_featured_image":false,"footnotes":""},"_links":{"self":[{"href":"https:\/\/legacy.antenasgsm.com\/pro\/wp-json\/wp\/v2\/pages\/79"}],"collection":[{"href":"https:\/\/legacy.antenasgsm.com\/pro\/wp-json\/wp\/v2\/pages"}],"about":[{"href":"https:\/\/legacy.antenasgsm.com\/pro\/wp-json\/wp\/v2\/types\/page"}],"author":[{"embeddable":true,"href":"https:\/\/legacy.antenasgsm.com\/pro\/wp-json\/wp\/v2\/users\/1"}],"replies":[{"embeddable":true,"href":"https:\/\/legacy.antenasgsm.com\/pro\/wp-json\/wp\/v2\/comments?post=79"}],"version-history":[{"count":64,"href":"https:\/\/legacy.antenasgsm.com\/pro\/wp-json\/wp\/v2\/pages\/79\/revisions"}],"predecessor-version":[{"id":5817,"href":"https:\/\/legacy.antenasgsm.com\/pro\/wp-json\/wp\/v2\/pages\/79\/revisions\/5817"}],"wp:attachment":[{"href":"https:\/\/legacy.antenasgsm.com\/pro\/wp-json\/wp\/v2\/media?parent=79"}],"curies":[{"name":"wp","href":"https:\/\/api.w.org\/{rel}","templated":true}]}}