{"id":3,"date":"2019-05-03T19:45:34","date_gmt":"2019-05-03T19:45:35","guid":{"rendered":"http:\/\/localhost\/antenasgsm\/website\/panel\/?page_id=3"},"modified":"2020-10-27T20:10:48","modified_gmt":"2020-10-27T18:10:48","slug":"privacy-policy","status":"publish","type":"page","link":"https:\/\/legacy.antenasgsm.com\/pro\/privacy-policy\/","title":{"rendered":"Aviso legal"},"content":{"rendered":"\n<p> Aleix Pellicer Garcia, provisto con NIF\/CIF 47746319K, direcci\u00f3n Avinguda Catalunya 69, 08811 Canyelles (Barcelona), no puede asumir ninguna responsabilidad derivada del uso incorrecto, inapropiado o il\u00edcito de la informaci\u00f3n aparecida en la p\u00e1gina de Internet de AntenasGSM.com.<\/p>\n\n\n\n<p>Con los l\u00edmites establecidos en la ley, AntenasGSM.com no asume ninguna responsabilidad derivada de la falta de veracidad, integridad, actualizaci\u00f3n y precisi\u00f3n de los datos o informaciones que se contienen en sus p\u00e1ginas de Internet.<\/p>\n\n\n\n<p>Los contenidos e informaci\u00f3n no vinculan a AntenasGSM.com ni constituyen opiniones, consejos o asesoramiento legal de ning\u00fan tipo pues se trata meramente de un servicio ofrecido con car\u00e1cter informativo y divulgativo. La p\u00e1gina de Internet de AntenasGSM.com puede contener enlaces (links) a otras p\u00e1ginas de terceras partes que AntenasGSM.com no puede controlar.<\/p>\n\n\n\n<p>Por lo tanto, AntenasGSM.com no puede asumir responsabilidades por el contenido que pueda aparecer en p\u00e1ginas de terceros. Los textos, im\u00e1genes, sonidos, animaciones, software y el resto de contenidos incluidos en este website son propiedad exclusiva de AntenasGSM.com o sus licenciantes. Cualquier acto de transmisi\u00f3n, distribuci\u00f3n, cesi\u00f3n, reproducci\u00f3n, almacenamiento o comunicaci\u00f3n p\u00fablica total o parcial, debe contar con el consentimiento expreso de AntenasGSM.com<\/p>\n\n\n\n<p>Asimismo, para acceder a algunos de los servicios que AntenasGSM.com ofrece a trav\u00e9s del website deber\u00e1 proporcionar algunos datos de car\u00e1cter personal. En cumplimiento de lo establecido en el Reglamento (UE) 2016\/679 del Parlamento Europeo y del Consejo, de 27 de abril de 2016, relativo a la protecci\u00f3n de las personas f\u00edsicas en lo que respecta al tratamiento de datos personales y a la libre circulaci\u00f3n de estos datos le informamos que, mediante la cumplimentaci\u00f3n de los presentes formularios, sus datos personales quedar\u00e1n incorporados y ser\u00e1n tratados en los ficheros de AntenasGSM.com con el en de poderle prestar y ofrecer nuestros servicios as\u00ed como para informarle de las mejoras del sitio Web.<\/p>\n\n\n\n<p> Asimismo, le informamos de la posibilidad de que ejerza los derechos de acceso, rectificaci\u00f3n, cancelaci\u00f3n y oposici\u00f3n de sus datos de car\u00e1cter personal, manera gratuita mediante email a aleixpellicer@gmail.com o en la direcci\u00f3n Avinguda Catalunya 69, 08811 Canyelles (Barcelona). <\/p>\n","protected":false},"excerpt":{"rendered":"<p>Aleix Pellicer Garcia, provisto con NIF\/CIF 47746319K, direcci\u00f3n Avinguda Catalunya 69, 08811 Canyelles (Barcelona), no puede asumir ninguna responsabilidad derivada del uso incorrecto, inapropiado o il\u00edcito de la informaci\u00f3n aparecida en la p\u00e1gina de Internet de AntenasGSM.com. Con los l\u00edmites establecidos en la ley, AntenasGSM.com no asume ninguna responsabilidad derivada de la falta de veracidad, [&hellip;]<\/p>\n","protected":false},"author":1,"featured_media":0,"parent":0,"menu_order":0,"comment_status":"closed","ping_status":"open","template":"","meta":{"inline_featured_image":false,"footnotes":""},"_links":{"self":[{"href":"https:\/\/legacy.antenasgsm.com\/pro\/wp-json\/wp\/v2\/pages\/3"}],"collection":[{"href":"https:\/\/legacy.antenasgsm.com\/pro\/wp-json\/wp\/v2\/pages"}],"about":[{"href":"https:\/\/legacy.antenasgsm.com\/pro\/wp-json\/wp\/v2\/types\/page"}],"author":[{"embeddable":true,"href":"https:\/\/legacy.antenasgsm.com\/pro\/wp-json\/wp\/v2\/users\/1"}],"replies":[{"embeddable":true,"href":"https:\/\/legacy.antenasgsm.com\/pro\/wp-json\/wp\/v2\/comments?post=3"}],"version-history":[{"count":2,"href":"https:\/\/legacy.antenasgsm.com\/pro\/wp-json\/wp\/v2\/pages\/3\/revisions"}],"predecessor-version":[{"id":5504,"href":"https:\/\/legacy.antenasgsm.com\/pro\/wp-json\/wp\/v2\/pages\/3\/revisions\/5504"}],"wp:attachment":[{"href":"https:\/\/legacy.antenasgsm.com\/pro\/wp-json\/wp\/v2\/media?parent=3"}],"curies":[{"name":"wp","href":"https:\/\/api.w.org\/{rel}","templated":true}]}}